de 9066150?
True
Is 14830756 a multiple of 4?
True
Does 33 divide 515861676?
True
Does 69 divide 5189543?
False
Is 92 a factor of 30729564?
True
Is 52 a factor of 105460368?
True
Does 464 divide 83197056?
True
Is 26315599 a multiple of 602?
False
Does 124 divide 13954343?
False
Is 71 a factor of 2442135241?
True
Is 138 a factor of 13153194?
True
Is 4273 a factor of 2096230911?
False
Is 58 a factor of 38120512?
False
Is 598 a factor of 6575685438?
False
Is 34 a factor of 97359374?
True
Is 268869350 a multiple of 42?
False
Is 12 a factor of 10087663?
False
Is 82332585 a multiple of 1961?
True
Is 1192413948 a multiple of 33?
True
Does 1910 divide 1183172420?
True
Does 792 divide 177342264?
True
Is 296 a factor of 193338320?
True
Is 8 a factor of 543344?
True
Is 40867514 a multiple of 1067?
False
Is 3763 a factor of 130256245?
True
Does 23 divide 573946278?
True
Is 524693133 a multiple of 1390?
False
Does 32 divide 7354240?
True
Is 57169147 a multiple of 352?
False
Does 18 divide 371001996?
True
Is 21 a factor of 107241078?
True
Is 1561 a factor of 80633455?
True
Is 189 a factor of 1439204133?
False
Is 104683161 a multiple of 11?
True
Does 3850 divide 302540700?
True
Is 11 a factor of 203422036?
False
Is 33 a factor of 521660325?
False
Is 372 a factor of 95152392?
True
Does 34 divide 1380536?
True
Is 241 a factor of 46823712?
False
Is 424 a factor of 100143288?
True
Does 6 divide 70400740?
False
Does 277 divide 74418266?
True
Is 21 a factor of 197758659?
True
Does 3 divide 84510090?
True
Does 8 divide 739768664?
True
Is 1816 a factor of 141105016?
True
Is 119 a factor of 60782820?
True
Is 13 a factor of 1032516562?
False
Is 2759 a factor of 15674258?
False
Does 1223 divide 3892865035?
False
Does 20 divide 75110820?
True
Does 827 divide 4621276?
True
Is 1038 a factor of 87599934?
True
Does 367 divide 77796660?
True
Is 7 a factor of 27438181?
False
Does 1972 divide 316964054?
False
Is 208702518 a multiple of 109?
True
Is 81989614 a multiple of 35?
False
Is 56 a factor of 104055702?
False
Is 1363 a factor of 86027849?
False
Does 2484 divide 192937248?
True
Is 1332 a factor of 10999656?
True
Does 154 divide 44656612?
True
Is 1971 a factor of 16501913?
False
Is 63119329 a multiple of 62?
False
Does 5193 divide 774234756?
True
Is 984601607 a multiple of 21?
False
Is 105 a factor of 84528255?
True
Is 243 a factor of 2051455512?
False
Is 78 a factor of 27423396?
True
Is 173 a factor of 675911?
True
Is 355 a factor of 30124767?
False
Is 4 a factor of 104715193?
False
Is 467 a factor of 85622115?
True
Does 2 divide 596451040?
True
Is 60 a factor of 648158499?
False
Is 193737927 a multiple of 55?
False
Is 109971246 a multiple of 21?
True
Is 6 a factor of 16203600?
True
Is 4436 a factor of 1008529036?
True
Does 50 divide 2188340864?
False
Is 184328014 a multiple of 13?
True
Is 24 a factor of 111801134?
False
Is 7493980 a multiple of 37?
True
Is 241 a factor of 3754422437?
False
Does 3 divide 383357309?
False
Is 548517012 a multiple of 167?
False
Does 107 divide 23549571?
False
Does 28 divide 432538324?
False
Does 50 divide 138744632?
False
Is 12192904 a multiple of 705?
False
Does 60 divide 288486420?
True
Is 79653984 a multiple of 764?
False
Is 19489424 a multiple of 8?
True
Does 999 divide 212423364?
True
Is 95 a factor of 67427060?
False
Does 951 divide 289290396?
True
Is 12 a factor of 150212628?
True
Is 175 a factor of 10422009?
False
Is 1954 a factor of 3307222307?
False
Is 81349828 a multiple of 148?
True
Is 265 a factor of 10785489?
False
Does 2 divide 20011970?
True
Is 277375857 a multiple of 478?
False
Does 96 divide 17196672?
True
Is 892 a factor of 18533084?
True
Is 83567531 a multiple of 397?
False
Does 24 divide 1885447057?
False
Is 1735 a factor of 1560344490?
True
Does 179 divide 93549159?
True
Is 28 a factor of 10376632?
True
Does 65 divide 94762135?
True
Does 129 divide 273744388?
False
Does 105 divide 37801680?
True
Does 1432 divide 118777205?
False
Is 9 a factor of 112137914?
False
Is 623714598 a multiple of 7038?
True
Is 258626079 a multiple of 15?
False
Is 338990614 a multiple of 141?
False
Is 322991704 a multiple of 2198?
True
Is 880372425 a multiple of 1335?
True
Is 47 a factor of 709769631?
False
Does 82 divide 2995088458?
True
Does 926 divide 950908814?
False
Is 25231815 a multiple of 735?
True
Is 4122 a factor of 3443345676?
True
Is 421 a factor of 7424386?
False
Is 17 a factor of 98679733?
False
Is 626631900 a multiple of 12?
True
Is 13 a factor of 66517536?
False
Is 55181241 a multiple of 2417?
False
Is 3449054488 a multiple of 22?
True
Is 4323 a factor of 1818141402?
True
Is 85726400 a multiple of 160?
True
Does 93 divide 2092108935?
True
Is 694 a factor of 396466001?
False
Is 55298496 a multiple of 88?
True
Does 319 divide 15493192?
True
Is 50447295 a multiple of 9?
True
Is 30575869 a multiple of 2438?
False
Is 75 a factor of 2008490025?
True
Is 212788 a multiple of 88?
False
Is 394203709 a multiple of 463?
False
Is 111274368 a multiple of 8?
True
Is 923 a factor of 125195558?
False
Is 3994277 a multiple of 5?
False
Is 260195155 a multiple of 811?
False
Does 7 divide 6656270?
False
Is 4376 a factor of 87407842?
False
Is 93340767 a multiple of 4731?
False
Is 35704764 a multiple of 142?
True
Is 45 a factor of 16400870?
False
Is 588294437 a multiple of 1188?
False
Is 707808407 a multiple of 6098?
False
Is 304644074 a multiple of 66?
False
Does 825 divide 147972825?
True
Is 6471817650 a multiple of 18?
True
Is 590 a factor of 1839471757?
False
Does 1571 divide 25528267?
False
Is 59069755 a multiple of 165?
False
Does 49 divide 24073210?
True
Is 225585360 a multiple of 198?
True
Does 20 divide 131284900?
True
Is 43 a factor of 220453987?
False
Is 15 a factor of 3370348845?
True
Is 3825 a factor of 37955702?
False
Is 2327868500 a multiple of 135?
False
Does 13 divide 129464433?
False
Is 17 a factor of 155908823?
False
Does 13 divide 374980112?
True
Does 23 divide 61477659?
False
Does 1595 divide 3073745235?
True
Does 238 divide 541634854?
False
Does 10 divide 1586510?
True
Is 226541007 a multiple of 2?
False
Does 105 divide 21991723?
False
Does 28 divide 417525500?
True
Does 46 divide 567531876?
False
Is 161592520 a multiple of 80?
False
Does 16 divide 521255536?
True
Is 172 a factor of 71945708?
True
Is 9 a factor of 12271077?
True
Does 4 divide 5195096?
True
Is 298 a factor of 40106759?
False
Does 4762 divide 4958423?
False
Is 3092 a factor of 892160984?
False
Is 114794336 a multiple of 1424?
True
Is 2730 a factor of 12110280?
True
Does 439 divide 309743637?
False
Does 13 divide 56269642?
True
Does 93 divide 236518158?
True
Is 6 a factor of 450326364?
True
Does 19 divide 547122860?
True
Is 15618644 a multiple of 207?
False
Does 17 divide 400529257?
False
Is 1272 a factor of 210476449?
False
Is 1625 a factor of 4503343000?
True
Does 137 divide 3588878869?
False
Is 197778042 a multiple of 99?
True
Is 1866531325 a multiple of 420?
False
Does 1496 divide 872492510?
False
Does 280 divide 202902560?
True
Is 8 a factor of 65527534?
False
Is 6 a factor of 409198370?
False
Is 7498730 a multiple of 10?
True
Is 9 a factor of 461024955?
True
Is 1173 a factor of 196428214?
False
Does 166 divide 56186514?
False
Is 20813979 a multiple of 153?
False
Does 103 divide 169035460?
False
Is 5576767 a multiple of 11?
False
Does 16 divide 38133536?
True
Is 20 a factor of 539076440?
True
Is 71523352 a multiple of 202?
True
Is 254 a factor of 539823498?
False
Is 1965408 a multiple of 6?
True
Is 27868854 a multiple of 6?
True
Is 11 a factor of 239006504?
True
Is 178367472 a multiple of 53?
True
Is 6653517 a multiple of 13?
True
Does 384 divide 263181312?
True
Is 236406377 a multiple of 23?
False
Is 171688977 a multiple of 696?
False
Is 474875095 a multiple of 172?
False
Is 2058 a factor of 85247654?
False
Does 27 divide 52436830?
False
Is 9 a factor of 27619090?
False
Does 652 divide 33967896?
True
Is 8491211847 a multiple of 13?
False
Is 252 a factor of 345627324?
True
Is 7820651 a multiple of 20?
False
Does 56 divide 154597688?
True
Is 44 a factor of 42068356?
True
Is 3579 a factor of 169626874?
False
Is 43 a factor of 3367746?
False
Does 27 divide 42909477?
False
Is 3773 a factor of 1628641861?
True
Does 13 divide 21607157?
True
Does 1279 divide 25580